29. Determine m(-4).
-33
Let b(p) = -30651*p + 1777771. Determine b(58).
13
Let c(x) = -6645*x + 46053. Determine c(7).
-462
Let a(x) = 6*x**3 - 3390*x**2 - 65*x + 36721. What is a(565)?
-4
Let b(x) = -21*x**2 + 2699*x - 984. Give b(128).
424
Let i(c) = 12736*c - 63675. Determine i(5).
5
Let l(m) = 4282*m - 31548. Determine l(7).
-1574
Let v(g) = g**3 + 15*g**2 - 31*g - 1088. Calculate v(-8).
-392
Let x(p) = 2*p**3 + 4*p**2 - 254*p - 22. What is x(11)?
330
Let l(v) = -v**3 - 17*v**2 - 59*v - 1569. Give l(-18).
-183
Let g(r) = 3762*r + 391229. Give g(-104).
-19
Let a(g) = -20267*g - 303992. Give a(-15).
13
Let v(d) = 151*d**2 + 2619*d + 828. Calculate v(-17).
-56
Let w(v) = -12*v**2 - 4056*v - 4043. Determine w(-1).
1
Let w(t) = 5*t**3 - 735*t**2 + 3*t - 549. Give w(147).
-108
Let z(w) = 441*w**3 - w**2 - 109*w - 109. What is z(-1)?
-442
Let i(g) = 139*g**3 - 7*g**2 + 24*g - 24. Give i(2).
1108
Let b(y) = 101*y + 2356. Give b(-42).
-1886
Let y(k) = 328297*k + 328295. Calculate y(-1).
-2
Let h(b) = -447*b - 176106. Give h(-394).
12
Let m(f) = f**3 + 37*f**2 + 381*f + 11364. Give m(-35).
479
Let f(t) = 2*t**3 - 31*t**2 + 84*t - 20. Determine f(7).
-265
Let y(a) = -24*a**2 + 464*a - 1973. Determine y(13).
3
Let b(c) = -5*c**2 + 759*c - 23388. Calculate b(109).
-62
Let a(l) = 2*l**3 - 14*l**2 - 22108*l + 88571. What is a(4)?
43
Let u(r) = 4*r**2 - 4369*r + 1142742. What is u(434)?
20
Let w(j) = 186*j + 20259. What is w(-108)?
171
Let y(r) = 12*r**3 - 15*r**2 + 36*r - 4. Determine y(4).
668
Let i(j) = 81488*j + 325965. Calculate i(-4).
13
Let t(z) = 1068*z + 365182. Calculate t(-342).
-74
Let t(l) = 547*l + 3444. Calculate t(-7).
-385
Let b(v) = -2*v**3 + 101*v**2 - 1180*v - 138. What is b(32)?
-10
Let f(l) = -l**2 - 3944*l - 1083152. Determine f(-297).
7
Let j(w) = -214*w**2 - 12*w + 230. Give j(1).
4
Let s(x) = -x**3 - 570*x**2 + 3507*x - 302. Determine s(6).
4
Let z(y) = 2801*y - 41274. Give z(14).
-2060
Let u(g) = -g**2 + 116*g + 7630. What is u(156)?
1390
Let p(g) = -4*g**3 + 315*g**2 - 6125*g + 372. What is p(44)?
-24
Let d(t) = -t**3 + 46*t**2 - 91*t + 5540. Calculate d(47).
-946
Let p(n) = -1019*n + 410966. Calculate p(403).
309
Let d(u) = 2*u**3 + 10*u**2 + 17*u + 66. What is d(-5)?
-19
Let l(j) = j**3 - 65*j**2 + 325*j - 1676. What is l(60)?
-176
Let k(y) = y**3 + 43*y**2 + 496*y + 256. What is k(-24)?
-704
Let m(a) = 15992*a - 1375358. Determine m(86).
-46
Let f(y) = -y**3 + 926*y**2 + 231857*y - 2324. What is f(1131)?
-62
Let v(g) = 28866*g + 981483. Determine v(-34).
39
Let v(j) = -2*j**3 + 7*j**2 - 636*j - 635. What is v(-1)?
10
Let i(y) = -1197*y**2 - 93371*y - 410. What is i(-78)?
-20
Let w(q) = -q**3 + 133*q**2 - 1516*q - 5594. What is w(120)?
-314
Let f(j) = j**2 - 3327*j + 794614. Determine f(259).
2
Let b(k) = -k**2 + 11450*k - 4185210. Give b(378).
6
Let k(q) = -3253*q + 2111191. What is k(649)?
-6
Let d(u) = -802*u - 648894. What is d(-809)?
-76
Let j(v) = 17986*v + 179639. Give j(-10).
-221
Let u(j) = -19*j**3 - 14*j**2 - 15*j - 2. What is u(-1)?
18
Let h(i) = -878*i**2 - 4147*i - 31. Give h(-5).
-1246
Let x(n) = 2*n**3 + 152*n**2 + 82*n + 6202. What is x(-76)?
-30
Let d(i) = 1878*i + 150272. Give d(-80).
32
Let i(x) = -2*x**3 - 71*x**2 + 22*x - 462. Determine i(-36).
42
Let n(u) = 42*u**3 - 2523*u**2 + 193*u - 792. What is n(60)?
-12
Let j(f) = -f**3 + 412*f**2 - 1076*f - 61771. Determine j(409).
-12
Let d(s) = -44*s**2 - 97*s - 15. What is d(-1)?
38
Let p(f) = -346433*f + 692721. What is p(2)?
-145
Let b(p) = p**2 - 345*p + 28627. What is b(139)?
-7
Let b(p) = 134*p + 48435. Calculate b(-361).
61
Let h(b) = -b**2 + 491*b - 60296. Determine h(243).
-32
Let b(h) = -h**3 + 15*h**2 - 101*h - 478. Calculate b(-3).
-13
Let v(x) = -19*x**3 - 107*x**2 + 255*x + 1630. Determine v(-6).
352
Let k(b) = 3*b**3 - 647*b**2 - 190071*b - 165. Determine k(-166).
1
Let f(k) = 25096*k + 2057814. Determine f(-82).
-58
Let w(c) = -39071*c + 546988. Determine w(14).
-6
Let y(i) = -12*i**3 - 76*i**2 - 177*i + 60. Give y(-3).
231
Let m(c) = -32*c**2 + 269*c - 822. What is m(6)?
-360
Let j(z) = -18*z**3 - 1705*z**2 + 5783*z + 107. Determine j(-98).
9
Let q(y) = 146*y**2 - 626*y - 3736. Give q(-6).
5276
Let x(h) = h**3 + 387*h**2 - 64*h - 24834. What is x(-387)?
-66
Let u(j) = 44527*j + 4630801. Calculate u(-104).
-7
Let l(i) = 22*i**3 + 32*i**2 - 160*i + 4. Calculate l(4).
1284
Let d(s) = -3*s**2 + 157*s + 1978. What is d(-11)?
-112
Let z(y) = -24*y**2 - 633*y - 3394. Give z(-19).
-31
Let n(v) = 10*v**3 + 940*v**2 + 14*v + 203. Give n(-94).
-1113
Let t(z) = 25*z**3 + 995*z**2 + 779*z - 35. Calculate t(-39).
4
Let f(t) = 1142*t**2 + 7574*t + 4355. Give f(-6).
23
Let r(l) = 11*l + 810. Give r(-122).
-532
Let g(p) = -p**3 - 136*p**2 - 4573*p - 2809. Determine g(-58).
33
Let o(r) = r**3 - 54*r**2 - 486*r - 724. Give o(62).
-104
Let w(s) = s**3 - 37*s**2 + 132*s - 1575. Determine w(35).
595
Let p(v) = -6*v**2 - 1732*v - 19209. Give p(-11).
-883
Let h(s) = s**2 + 86*s + 1468. Determine h(-42).
-380
Let g(q) = -q**3 - 35*q**2 - 96*q + 883. Calculate g(-31).
15
Let f(g) = 129552*g + 1943259. Determine f(-15).
-21
Let x(a) = 164*a**2 + 1819*a + 4646. Calculate x(-4).
-6
Let i(w) = 16*w**2 + 326*w - 1998. What is i(6)?
534
Let j(u) = -u**3 - 101*u**2 - 349*u + 91. Determine j(-4).
-65
Let w(g) = -6*g**3 - 5*g**2 + 7*g - 1348. What is w(0)?
-1348
Let l(w) = -8*w**3 - 198*w**2 + 50*w + 63. Give l(-25).
63
Let o(x) = -x**3 + 129*x**2 - 525*x - 25. Calculate o(4).
-125
Let u(g) = 642*g + 7504. Give u(-12).
-200
Let h(o) = -2*o**3 + 304*o**2 + 8028*o - 503. Give h(-23).
3
Let l(w) = -39473*w + 315984. What is l(8)?
200
Let l(r) = -13*r**2 + 239*r + 1780. Give l(-8).
-964
Let s(y) = -y**3 + 451*y**2 - 4842*y + 892. Calculate s(440).
12
Let y(a) = -59*a + 845. Calculate y(13).
78
Let l(v) = v**3 - 23*v**2 - 91*v + 1665. Determine l(24).
57
Let i(x) = 4*x**3 + 1710*x**2 + 5937*x + 392. What is i(-424)?
-32
Let k(r) = 8*r**3 + 1466*r**2 + 349*r - 3116. Calculate k(-183).
-5
Let w(d) = -d**3 - 538*d**2 - 44497*d - 10903. Calculate w(-436).
-3
Let z(i) = i**3 - 11*i**2 - 23*i + 42. Give z(16).
954
Let j(p) = p**2 - 2937*p - 238319. Give j(-79).
-55
Let l(c) = 10*c**3 - 1629*c**2 - 101*c - 10105. Determine l(163).
1
Let n(d) = -d**3 + 76*d**2 - 73*d - 251. Determine n(75).
-101
Let k(f) = -3*f**3 - 79*f**2 + 329*f - 99. Determine k(-30).
-69
Let q(n) = -n**2 + 141*n - 9272. Give q(46).
-4902
Let b(w) = 122*w**2 - 1163*w + 11. What is b(10)?
581
Let b(l) = -6391*l - 39088. Give b(-6).
-742
Let j(q) = q**2 + 363*q - 28820. Determine j(67).
-10
Let x(k) = -10*k**2 + 1988*k - 1574. What is x(198)?
10
Let p(n) = -1066768*n + 76807294. What is p(72)?
-2
Let g(z) = -46991*z - 188030. Calculate g(-4).
-66
Let r(c) = -73682*c - 73690. What is r(-1)?
-8
Let v(w) = -7706*w - 61389. Calculate v(-8).
259
Let v(b) = -583*b - 52154. Determine v(-90).
316
Let a(v) = -v**3 + 4*v**2 + 122*v - 716. What is a(7)?
-9
Let t(h) = 2*h**3 + 112*h**2 + 928*h + 62. What is t(-10)?
-18
Let q(w) = -35064*w + 1262308. Calculate q(36).
4
Let g(y) = -2*y**2 - 5301*y - 10615. What is g(-2)?
-21
Let j(d) = 3101*d + 80695. Give j(-26).
69
Let g(p) = -1184*p**2 - 14191*p + 204. Calculate g(-12).
0
Let l(m) = -33*m**2 - 1751*m + 11240. Calculate l(6).
-454
Let q(d) = -38*d**2 - 6548*d + 664656. Determine q(-244).
0
Let o(i) = -138*i - 22767. Give o(-163).
-273
Let y(z) = -442*z**2 - 172023*z - 33061. Determine y(-389).
4
Let u(t) = 7742*t - 410326. Calculate u(53).
0
Let m(y) = 548*y + 44334. Calculate m(-78).
1590
Let n(z) = 3*z**2 + 5266*z - 27. What is n(0)?
-27
Let j(k) = k**3 - 52*k**2 + 301*k + 277. What is j(45)?
-353
Let r(s) = s**3 + 17*s**2 - 5076*s - 76582. Calculate r(-15).
8
Let v(l) = -l**3 - 3*l**2 - 92854*l - 278575. Calculate v(-3).
-13
Let h(v) = 739*v - 27428. Give h(38).
654
Let i(n) = n**3 - 81*n**2 + 1565*n - 5779. Calculate i(54).
-1
Let p(y) = y**3 - 567*y**2 + y - 564. Give p(567).
3
Let o(m) = -3762*m + 2750017. Determine o(731).
-5
Let r(n) = -629*n - 606979. Calculate r(-965).
6
Let z(b) = -385*b + 227916. Give z(592).
-4
Let b(h) = -39*h - 1253. Determine b(-82).
1945
Let o(d) = -79*d**2 - 199*d - 41. Calculate o(-2).
41
Let s(r) = -r**3 + 63*r**2 + 362*r - 19065. Calculate 